{"id":7496,"date":"2021-06-29T14:30:22","date_gmt":"2021-06-29T12:30:22","guid":{"rendered":"https:\/\/harma.ee\/dusi-vannisegisti-komplekt-harma-kaleva-8758s-cr\/"},"modified":"2026-01-27T15:54:24","modified_gmt":"2026-01-27T13:54:24","slug":"suihkuammehana-harma-kaleva-8758s-cr","status":"publish","type":"product","link":"https:\/\/harma.ee\/fi\/suihkuammehana-harma-kaleva-8758s-cr\/","title":{"rendered":"Suihku- ja ammehanasetti Harma Kaleva 8758S, kromi"},"content":{"rendered":"<p>Kaleva-sarjan hanoja luonnehtii kest\u00e4v\u00e4 muotoilu sek\u00e4 laadukkaat ja pitk\u00e4ik\u00e4iset komponentit. Kaikissa hanoissa on vett\u00e4 s\u00e4\u00e4st\u00e4v\u00e4t sis\u00e4osat ja Neoperl-pore\u00adsuihkut. Koko Kaleva-sarja keskittyy kest\u00e4vyyteen ja eleganssiin.<\/p>\n","protected":false},"excerpt":{"rendered":"<p>Kaleva-sarjan hanoja luonnehtii kest\u00e4v\u00e4 muotoilu sek\u00e4 laadukkaat ja pitk\u00e4ik\u00e4iset komponentit. Kaikissa hanoissa on vett\u00e4 s\u00e4\u00e4st\u00e4v\u00e4t sis\u00e4osat ja Neoperl-pore\u00adsuihkut. Koko Kaleva-sarja keskittyy kest\u00e4vyyteen ja eleganssiin.<\/p>\n","protected":false},"featured_media":4124,"template":"","meta":[],"product_cat":[382,394],"product_tag":[306],"acf":[],"_links":{"self":[{"href":"https:\/\/harma.ee\/fi\/wp-json\/wp\/v2\/product\/7496"}],"collection":[{"href":"https:\/\/harma.ee\/fi\/wp-json\/wp\/v2\/product"}],"about":[{"href":"https:\/\/harma.ee\/fi\/wp-json\/wp\/v2\/types\/product"}],"wp:featuredmedia":[{"embeddable":true,"href":"https:\/\/harma.ee\/fi\/wp-json\/wp\/v2\/media\/4124"}],"wp:attachment":[{"href":"https:\/\/harma.ee\/fi\/wp-json\/wp\/v2\/media?parent=7496"}],"wp:term":[{"taxonomy":"product_cat","embeddable":true,"href":"https:\/\/harma.ee\/fi\/wp-json\/wp\/v2\/product_cat?post=7496"},{"taxonomy":"product_tag","embeddable":true,"href":"https:\/\/harma.ee\/fi\/wp-json\/wp\/v2\/product_tag?post=7496"}],"curies":[{"name":"wp","href":"https:\/\/api.w.org\/{rel}","templated":true}]}}

<p>Kaleva-sarjan hanoja luonnehtii kestävä muotoilu sekä laadukkaat ja pitkäikäiset komponentit. Kaikissa hanoissa on vettä säästävät sisäosat ja Neoperl-pore­suihkut. Koko Kaleva-sarja keskittyy kestävyyteen ja eleganssiin.</p>
